termine a(-26).
11
Let o(x) = -2*x - 50. Determine o(-22).
-6
Let a(n) = -n - 11. Give a(5).
-16
Let g(b) = -b**3 + 23*b**2 + 23*b - 24. Determine g(24).
-48
Let k(z) = 2*z**2 - 3*z + 3. What is k(3)?
12
Let m(d) = -d**2 - 4*d. What is m(-9)?
-45
Let z(l) = l**3 - 4*l**2 + 3*l - 1. What is z(5)?
39
Let j(c) = -50*c + 20. Give j(5).
-230
Let w(u) = 2*u + 18. Give w(-12).
-6
Let p(i) = -2*i**2 + 4*i + 53. Give p(6).
5
Let m(h) = -h**2 + 11*h + 6. Calculate m(10).
16
Let p(q) = q**3 - 25*q**2 + q - 37. Give p(25).
-12
Let i(n) = -n**3 + 6*n**2 + 4*n - 15. Calculate i(6).
9
Let y(b) = 9*b**2 - 91*b + 5. What is y(10)?
-5
Let m(n) = n**3 - 22*n**2 - 49*n + 30. Give m(24).
6
Let k(p) = -p**3 - 11*p**2 - 13*p - 14. Give k(-10).
16
Let h(x) = x**2 - 4*x. What is h(2)?
-4
Let t(i) = i**3 - 7*i**2 - 7*i + 3. Calculate t(8).
11
Let x(s) = s**2 + 45*s + 262. What is x(-38)?
-4
Let v(n) = -n + 6. Calculate v(14).
-8
Let y(b) = -b**2 + 10*b - 30. Determine y(5).
-5
Let s(t) = -t**2 + 5*t - 3. Calculate s(7).
-17
Let n(k) = -5*k + 76. Determine n(17).
-9
Let q(w) = w**3 - 7*w**2 + 5*w + 2. Calculate q(6).
-4
Let f(v) = v**2 - 7*v - 688. What is f(-23)?
2
Let l(w) = -6*w**2 + 11*w - 21. Determine l(4).
-73
Let i(p) = -p**3 + 21*p**2 - 21*p - 1. Calculate i(20).
-21
Let a(s) = -s**3 - 7*s**2 - 10*s - 18. What is a(-6)?
6
Let x(w) = -2*w**2 + 10*w + 3. What is x(6)?
-9
Let u(k) = k**2 + 6*k + 17. What is u(-5)?
12
Let q(w) = -w**3 + 9*w**2 + 6*w + 28. Calculate q(10).
-12
Let c(w) = 6*w + 8. Determine c(-3).
-10
Let m(r) = 3*r + 21. Give m(-6).
3
Let n(r) = -r**3 + 16*r**2 - 7*r + 125. Determine n(16).
13
Let r(t) = t**3 - t - 1. Give r(0).
-1
Let h(t) = -t**3 + 9*t**2 - 14*t - 3. Calculate h(7).
-3
Let m(o) = -o**3 - 7*o**2 + 4*o + 2. What is m(-8)?
34
Let x(g) = -g**3 + 4*g**2 - 3*g + 1. Determine x(3).
1
Let q(o) = -2*o**2 - 9*o + 5. Calculate q(-10).
-105
Let m(z) = z**3 + 24*z**2 + 48*z + 99. Calculate m(-22).
11
Let k(j) = -2*j**2 + 35*j + 32. Give k(17).
49
Let s(i) = 6*i - 34. Give s(8).
14
Let n(g) = -11*g - 2. What is n(4)?
-46
Let g(c) = c**2 + 4*c + 4. Determine g(2).
16
Let f(u) = 3*u**3 - u**2 + 2. Give f(-1).
-2
Let r(y) = -6*y + 3. Calculate r(-3).
21
Let t(x) = -x**3 - 11*x**2 - x - 6. What is t(-11)?
5
Let m(l) = l**2 + 6*l - 7. What is m(5)?
48
Let d(a) = -4*a + 4. Determine d(6).
-20
Let k(d) = d**3 - 8*d**2 - 4. Give k(8).
-4
Let u(b) = -b**3 + 4*b**2 + 13*b - 1. Determine u(6).
5
Let q(l) = l**2 - 12*l + 23. Determine q(9).
-4
Let u(o) = 2*o**3 + 4*o**2 + 3*o + 2. Calculate u(-2).
-4
Let a(p) = 23*p**2 - 4*p + 6. What is a(3)?
201
Let z(p) = 2*p**3 - 13*p - 4. What is z(-4)?
-80
Let h(z) = 25*z - 64. Calculate h(3).
11
Let j(l) = 3*l**2 - 6*l + 3. Determine j(4).
27
Let j(o) = 4*o**2. Determine j(2).
16
Let r(c) = -20*c. Determine r(-1).
20
Let m(f) = f**2 + 4*f + 20. Give m(-7).
41
Let x(y) = -y**3 - 4*y**2 - y - 4. What is x(-3)?
-10
Let z(k) = -k + 22. Calculate z(9).
13
Let y(z) = -18*z - 1. Give y(-2).
35
Let c(l) = -l**2 + 9*l + 5. Calculate c(8).
13
Let x(d) = d**2 - 24*d - 1. Calculate x(23).
-24
Let v(i) = -i**2 + 10*i - 15. Determine v(8).
1
Let a(k) = k + 19. Determine a(-12).
7
Let s(h) = 4*h + 1. Determine s(-9).
-35
Let f(q) = -q**2 + 4*q + 37. Determine f(9).
-8
Let g(d) = -d**2 + 4*d. Determine g(5).
-5
Let b(r) = 2*r - 3. Give b(-2).
-7
Let i(c) = -5*c**2 - c + 2. Calculate i(3).
-46
Let n(f) = -2*f - 4. Determine n(7).
-18
Let m(c) = 2*c**2 - 22*c + 23. Determine m(12).
47
Let i(d) = -2*d**2 - 4*d - 3. Give i(-5).
-33
Let a(k) = -k + 1. Calculate a(1).
0
Let u(o) = o**2 + 3*o + 8. What is u(-5)?
18
Let l(g) = -g**3 - 6*g**2 - 3*g + 3. What is l(-2)?
-7
Let u(h) = 8*h - 11. Give u(1).
-3
Let p(r) = r**3 - 17*r**2 - 3*r + 47. Determine p(17).
-4
Let m(t) = -t**2 + t + 14. Determine m(5).
-6
Let b(q) = -2*q**2 + 11*q. Determine b(6).
-6
Let a(o) = -11*o + 66. Determine a(9).
-33
Let l(r) = -r**3 + 4*r**2 + 8*r - 19. What is l(4)?
13
Let n(h) = -3*h + 2. Calculate n(-1).
5
Let i(c) = -c**3 + 3*c**2 + 7*c + 2. Determine i(5).
-13
Let f(q) = -3*q**2 - 10*q - 8. Determine f(-7).
-85
Let q(b) = -b**2 - 36*b - 297. Give q(-22).
11
Let l(i) = -2*i**2 - i + 7. Determine l(3).
-14
Let l(t) = -2*t + 29. Determine l(7).
15
Let c(a) = 28*a + 62. Give c(-2).
6
Let r(b) = -b**3 + 23*b**2 + 26*b - 36. What is r(24)?
12
Let z(d) = -14*d + 168. Determine z(13).
-14
Let v(k) = k**3 - 12*k**2 + 21*k + 15. Give v(10).
25
Let l(n) = -n**3 + 13*n**2 - 10*n - 21. What is l(12)?
3
Let t(n) = -11*n - 2. Give t(1).
-13
Let g(z) = 2*z**2 + 16*z + 13. Calculate g(-8).
13
Let k(n) = n**2 - 2. What is k(-2)?
2
Let q(x) = 23*x - 57. Determine q(4).
35
Let c(f) = f**3 + 10*f**2 - 19*f - 24. What is c(-10)?
166
Let n(x) = -5*x + 14. Give n(4).
-6
Let r(z) = -16*z**2 + z. What is r(-2)?
-66
Let j(t) = t**2. Determine j(3).
9
Let w(z) = -6*z**2 - 2*z. What is w(-2)?
-20
Let p(r) = -r**2 + 7*r - 4. Give p(9).
-22
Let q(n) = -n**2 + 16*n + 1. Calculate q(16).
1
Let a(t) = -7*t - 283. Determine a(-41).
4
Let u(h) = 7*h + 80. Calculate u(-13).
-11
Let v(c) = c**2 + 9*c + 11. Give v(-7).
-3
Let c(f) = -f**3 - 31*f**2 - 31*f + 1. Give c(-30).
31
Let z(x) = -x**3 + 27*x + 54. Give z(6).
0
Let s(m) = -17*m**2 + 2*m - 21. Give s(0).
-21
Let k(g) = g**3 - 12*g**2 - 30. What is k(12)?
-30
Let z(l) = -13*l + 174. Determine z(14).
-8
Let c(w) = 22*w - 6. Determine c(-4).
-94
Let k(s) = -2*s - 28. What is k(0)?
-28
Let a(d) = d - 8. Calculate a(-6).
-14
Let t(m) = -m**2 + 2*m + 14. Determine t(6).
-10
Let s(q) = 12*q. Determine s(-3).
-36
Let b(q) = -12*q - 19. Calculate b(7).
-103
Let y(l) = -2*l**3 - 22*l**2 + 20*l + 33. Determine y(-12).
81
Let c(n) = -n**3 + 8*n**2 - 7*n - 3. Give c(5).
37
Let x(v) = -31*v + 2. What is x(-1)?
33
Let z(i) = i + 6. Calculate z(1).
7
Let c(d) = -20*d - 9. Determine c(-1).
11
Let f(l) = -l**2 + 14*l - 4. What is f(14)?
-4
Let h(w) = 13*w - 43. Calculate h(4).
9
Let x(n) = 5*n - 6. Give x(0).
-6
Let s(r) = -2*r**2 + r + 6. Give s(0).
6
Let q(o) = -o - 3. What is q(-4)?
1
Let x(s) = -s**3 + 17*s**2 - 13*s - 25. Give x(16).
23
Let n(h) = h**2 + 34*h + 190. What is n(-27)?
1
Let w(h) = h**2 - 5*h - 10. Calculate w(7).
4
Let d(o) = 6*o - 23. What is d(7)?
19
Let b(i) = 2*i**2 - 120*i + 106. Calculate b(59).
-12
Let u(f) = -3*f**3 + 156*f**2 + 5. Determine u(52).
5
Let p(r) = -2*r**3 - 43*r**2 - 22*r - 25. Calculate p(-21).
-4
Let z(m) = -3*m - 12. What is z(-7)?
9
Let a(h) = -h**3 - 18*h**2 - 3*h - 49. What is a(-18)?
5
Let t(o) = o**2 - 6. What is t(-3)?
3
Let r(d) = d**2 + 10*d + 15. Give r(-10).
15
Let b(a) = 18*a - 4. What is b(2)?
32
Let i(s) = -2*s**2 - 4*s - 2. What is i(-3)?
-8
Let z(i) = -2*i**3 + 13*i**2 - 5*i - 10. Give z(6).
-4
Let k(x) = -2*x**3 - 43*x**2 + 20*x - 36. What is k(-22)?
8
Let t(m) = 5*m - 41. What is t(12)?
19
Let a(t) = -13*t - 38. Determine a(-6).
40
Let n(v) = -v**3 - 4*v**2 + 5*v - 4. What is n(-5)?
-4
Let t(r) = r**3 + 46*r**2 + r + 48. Calculate t(-46).
2
Let k(g) = g**3 + 7*g**2 + 3*g - 10. Calculate k(-7).
-31
Let s(f) = -f**2 + 4*f - 5. What is s(5)?
-10
Let t(n) = -n**3 - 13*n**2 - 4*n - 29. Give t(-13).
23
Let a(q) = -q**2 - 3*q - 2. Calculate a(5).
-42
Let k(h) = 3*h - 12. Determine k(8).
12
Let l(y) = -y**3 - y**2 + y - 30. Calculate l(0).
-30
Let p(f) = 77*f + 610. Give p(-8).
-6
Let x(r) = 2*r**3 - 3*r**2 + 2. Give x(-2).
-26
Let b(z) = 2*z**2 + 5*z - 1. What is b(-4)?
11
Let o(u) = u**2 + 13*u + 5. Calculate o(-11).
-17
Let x(b) = b**3 - 12*b**2 + 23*b - 24. Give x(8).
-96
Let x(k) = k. Determine x(1).
1
Let r(x) = -3*x**2 + 5*x - 7. What is r(3)?
-19
Let y(q) = -q**2 + 18*q - 13. Give y(7).
64
Let j(i) = -5*i + 5. Give j(15).
-70
Let r(b) = -4*b. Determine r(10).
-40
Let f(m) = -4*m - 50. What is f(-11)?
-6
Let w(i) = 22*i + 18. Give w(-4).
-70
Let s(y) = 4*y**2 + 28*y - 30. What is s(-8)?
2
Let q(s) = s**2 - 32*s + 35. Calculate q(31).
4
Let x(f) = -f**3 - 2*f**2 - f - 14. Calculate x(0).
-14
Let k(p) = 8*p + 88. Give k(-11).
0
Let p(o) = -o**2 - 9*o + 74. Give p(-14).
4
Let x(q) = 41*q - 331. What is x(8)?
-3
Let y(c) = 20*c - 82. Determine y(4).
-2
Let x(b) = -b**3 - 9*b**2 + 2*b + 2. Calculate x(-9).
-16
Let x(l) = l**3 - 2*l**2 + 6*l - 3. What is x(3)?
24
Let t(a) = a**3 - 6*a**2 + 3*a - 10.